{"id":28576,"date":"2025-03-13T08:26:56","date_gmt":"2025-03-13T08:26:56","guid":{"rendered":"https:\/\/perspektiv.cz\/?post_type=research&#038;p=28576"},"modified":"2025-03-13T08:28:14","modified_gmt":"2025-03-13T08:28:14","slug":"od-koldomu-po-coliving-sdilene-bydleni-jako-fenomen-architektury","status":"publish","type":"research","link":"https:\/\/perspektiv.cz\/cs\/research\/od-koldomu-po-coliving-sdilene-bydleni-jako-fenomen-architektury\/","title":{"rendered":"Od koldom\u016f po coliving. Sd\u00edlen\u00e9 bydlen\u00ed jako fenom\u00e9n architektury"},"content":{"rendered":"<h1><strong>Od koldom\u016f po coliving. Sd\u00edlen\u00e9 bydlen\u00ed jako fenom\u00e9n architektury<\/strong><\/h1>\n","protected":false},"featured_media":28577,"template":"","research_category":[84],"class_list":["post-28576","research","type-research","status-publish","has-post-thumbnail","hentry","research_category-coliving"],"acf":[],"_links":{"self":[{"href":"https:\/\/perspektiv.cz\/cs\/wp-json\/wp\/v2\/research\/28576","targetHints":{"allow":["GET"]}}],"collection":[{"href":"https:\/\/perspektiv.cz\/cs\/wp-json\/wp\/v2\/research"}],"about":[{"href":"https:\/\/perspektiv.cz\/cs\/wp-json\/wp\/v2\/types\/research"}],"wp:featuredmedia":[{"embeddable":true,"href":"https:\/\/perspektiv.cz\/cs\/wp-json\/wp\/v2\/media\/28577"}],"wp:attachment":[{"href":"https:\/\/perspektiv.cz\/cs\/wp-json\/wp\/v2\/media?parent=28576"}],"wp:term":[{"taxonomy":"research_category","embeddable":true,"href":"https:\/\/perspektiv.cz\/cs\/wp-json\/wp\/v2\/research_category?post=28576"}],"curies":[{"name":"wp","href":"https:\/\/api.w.org\/{rel}","templated":true}]}}

Od koldomů po coliving. Sdílené bydlení jako fenomén architektury

<h1><strong>Od koldomů po coliving. Sdílené bydlení jako fenomén architektury</strong></h1>
