{"id":29274,"date":"2025-06-09T14:18:46","date_gmt":"2025-06-09T14:18:46","guid":{"rendered":"https:\/\/perspektiv.cz\/?post_type=pozice&#038;p=29274"},"modified":"2026-04-28T12:42:49","modified_gmt":"2026-04-28T12:42:49","slug":"lead-architect","status":"publish","type":"pozice","link":"https:\/\/perspektiv.cz\/cs\/pozice\/lead-architect\/","title":{"rendered":"Lead Architect"},"content":{"rendered":"<h2>Jak bude vypadat Tvoje pr\u00e1ce ?<\/h2>\n<ul>\n<li>Jako Lead Architekt vede\u0161 projekty v\u011bt\u0161\u00edho m\u011b\u0159\u00edtka, ide\u00e1ln\u011b od studie, ale n\u011bkdy m\u016f\u017ee\u0161 nasko\u010dit do projektu v\u00a0pokro\u010dilej\u0161\u00ed f\u00e1zi.<\/li>\n<li>Jsi na projektech od za\u010d\u00e1tku do konce a zodpov\u00edd\u00e1\u0161 za hladk\u00fd pr\u016fb\u011bh projektu.<\/li>\n<li>Vede\u0161 t\u00fdm tvo\u0159en\u00fd architekty junior\/medior, pom\u00e1h\u00e1\u0161 s koordinac\u00ed a mentoruje\u0161 kolegy na pozic\u00edch architekta, trainee, \u010di studenty, a\u0165 u\u017e z Erasmu nebo na\u0161e interny.<\/li>\n<li>Komunikuje\u0161 strategick\u00e9 aspekty projektu s veden\u00edm, klienty a dal\u0161\u00edmi kl\u00ed\u010dov\u00fdmi stakeholdery.<\/li>\n<\/ul>\n<h2>Jak si T\u011b p\u0159edstavujeme?<\/h2>\n<ul>\n<li>Revit a AutoCAD jsou z\u00e1klad, um\u00ed\u0161 je na pokro\u010dil\u00e9 \u00farovni.<\/li>\n<li>M\u00e1\u0161 zku\u0161enosti od ukon\u010den\u00ed \u0161koly 5 a v\u00edce let.<\/li>\n<li>Pracoval\/a jsi na projektech v\u011bt\u0161\u00edho m\u011b\u0159\u00edtka.<\/li>\n<li>Nekon\u010dil\/a jsi projekty studi\u00ed.<\/li>\n<\/ul>\n<h2>Co Ti m\u016f\u017eeme nab\u00eddnout?<\/h2>\n<ul>\n<li>5 t\u00fddn\u016f dovolen\u00e9<\/li>\n<li>5 sick days ro\u010dn\u011b<\/li>\n<li>Bonusy<\/li>\n<li>Podporujeme diverzitu na pracovi\u0161ti a m\u00e1me firemn\u00ed kulturu, kter\u00e1 je otev\u0159en\u00e1 v\u0161em koleg\u016fm a kolegyn\u00edm bez ohledu na sexu\u00e1ln\u00ed orientaci \u010di genderovou identitu. Jsme hrd\u00fdmi \u010dleny <a href=\"https:\/\/www.pridebusinessforum.com\/\" target=\"_blank\" rel=\"noopener\">Pride Business Fora<\/a>.<\/li>\n<li>Mo\u017enost home office a flexibiln\u00ed pracovn\u00ed doba<\/li>\n<li>Drobn\u00e9 ob\u010derstven\u00ed na pracovi\u0161ti v\u010detn\u011b v\u00fdb\u011brov\u00e9 k\u00e1vy<\/li>\n<li>Spole\u010dn\u00e9 teambuildingy a sportovn\u00ed aktivity<\/li>\n<li>Skv\u011bl\u00fd kolektiv a no-bullshit policy<\/li>\n<li>Dog-friendly office<\/li>\n<li><span class=\"TextRun SCXW187335968 BCX0\" lang=\"EN-US\" xml:lang=\"EN-US\" data-contrast=\"auto\"><span class=\"NormalTextRun SpellingErrorV2Themed SCXW187335968 BCX0\">Modern\u00ed<\/span><span class=\"NormalTextRun SCXW187335968 BCX0\"> a <\/span><span class=\"NormalTextRun SpellingErrorV2Themed SCXW187335968 BCX0\">nov\u00e9<\/span> <span class=\"NormalTextRun SpellingErrorV2Themed SCXW187335968 BCX0\">kancel\u00e1\u0159e<\/span><span class=\"NormalTextRun SCXW187335968 BCX0\">, <\/span><span class=\"NormalTextRun SpellingErrorV2Themed SCXW187335968 BCX0\">kter\u00e9 <\/span><span class=\"NormalTextRun SpellingErrorV2Themed SCXW187335968 BCX0\">zv\u00edt\u011bzily<\/span><span class=\"NormalTextRun SCXW187335968 BCX0\"> v <\/span><span class=\"NormalTextRun SpellingErrorV2Themed SCXW187335968 BCX0\">sout\u011b\u017ei<\/span> <a href=\"https:\/\/perspektiv.cz\/cs\/news\/perspektiv-ma-kancelare-roku-2023\/\"><span class=\"NormalTextRun SpellingErrorV2Themed SCXW187335968 BCX0\">Kancel\u00e1\u0159e<\/span> <span class=\"NormalTextRun SpellingErrorV2Themed SCXW187335968 BCX0\">roku<\/span><\/a><\/span><\/li>\n<\/ul>\n","protected":false},"featured_media":25847,"template":"","oblast":[192],"class_list":["post-29274","pozice","type-pozice","status-publish","has-post-thumbnail","hentry","oblast-architecture"],"acf":[],"_links":{"self":[{"href":"https:\/\/perspektiv.cz\/cs\/wp-json\/wp\/v2\/pozice\/29274","targetHints":{"allow":["GET"]}}],"collection":[{"href":"https:\/\/perspektiv.cz\/cs\/wp-json\/wp\/v2\/pozice"}],"about":[{"href":"https:\/\/perspektiv.cz\/cs\/wp-json\/wp\/v2\/types\/pozice"}],"wp:featuredmedia":[{"embeddable":true,"href":"https:\/\/perspektiv.cz\/cs\/wp-json\/wp\/v2\/media\/25847"}],"wp:attachment":[{"href":"https:\/\/perspektiv.cz\/cs\/wp-json\/wp\/v2\/media?parent=29274"}],"wp:term":[{"taxonomy":"oblast","embeddable":true,"href":"https:\/\/perspektiv.cz\/cs\/wp-json\/wp\/v2\/oblast?post=29274"}],"curies":[{"name":"wp","href":"https:\/\/api.w.org\/{rel}","templated":true}]}}

<h2>Jak bude vypadat Tvoje práce ?</h2>
<ul>
<li>Jako Lead Architekt vedeš projekty většího měřítka, ideálně od studie, ale někdy můžeš naskočit do projektu v pokročilejší fázi.</li>
<li>Jsi na projektech od začátku do konce a zodpovídáš za hladký průběh projektu.</li>
<li>Vedeš tým tvořený architekty junior/medior, pomáháš s koordinací a mentoruješ kolegy na pozicích architekta, trainee, či studenty, ať už z Erasmu nebo naše interny.</li>
<li>Komunikuješ strategické aspekty projektu s vedením, klienty a dalšími klíčovými stakeholdery.</li>
</ul>
<h2>Jak si Tě představujeme?</h2>
<ul>
<li>Revit a AutoCAD jsou základ, umíš je na pokročilé úrovni.</li>
<li>Máš zkušenosti od ukončení školy 5 a více let.</li>
<li>Pracoval/a jsi na projektech většího měřítka.</li>
<li>Nekončil/a jsi projekty studií.</li>
</ul>
<h2>Co Ti můžeme nabídnout?</h2>
<ul>
<li>5 týdnů dovolené</li>
<li>5 sick days ročně</li>
<li>Bonusy</li>
<li>Podporujeme diverzitu na pracovišti a máme firemní kulturu, která je otevřená všem kolegům a kolegyním bez ohledu na sexuální orientaci či genderovou identitu. Jsme hrdými členy <a href="https://www.pridebusinessforum.com/" target="_blank" rel="noopener">Pride Business Fora</a>.</li>
<li>Možnost home office a flexibilní pracovní doba</li>
<li>Drobné občerstvení na pracovišti včetně výběrové kávy</li>
<li>Společné teambuildingy a sportovní aktivity</li>
<li>Skvělý kolektiv a no-bullshit policy</li>
<li>Dog-friendly office</li>
<li><span class="TextRun SCXW187335968 BCX0" lang="EN-US" xml:lang="EN-US" data-contrast="auto"><span class="NormalTextRun SpellingErrorV2Themed SCXW187335968 BCX0">Moderní</span><span class="NormalTextRun SCXW187335968 BCX0"> a </span><span class="NormalTextRun SpellingErrorV2Themed SCXW187335968 BCX0">nové</span> <span class="NormalTextRun SpellingErrorV2Themed SCXW187335968 BCX0">kanceláře</span><span class="NormalTextRun SCXW187335968 BCX0">, </span><span class="NormalTextRun SpellingErrorV2Themed SCXW187335968 BCX0">které </span><span class="NormalTextRun SpellingErrorV2Themed SCXW187335968 BCX0">zvítězily</span><span class="NormalTextRun SCXW187335968 BCX0"> v </span><span class="NormalTextRun SpellingErrorV2Themed SCXW187335968 BCX0">soutěži</span> <a href="https://perspektiv.cz/cs/news/perspektiv-ma-kancelare-roku-2023/"><span class="NormalTextRun SpellingErrorV2Themed SCXW187335968 BCX0">Kanceláře</span> <span class="NormalTextRun SpellingErrorV2Themed SCXW187335968 BCX0">roku</span></a></span></li>
</ul>
