{"id":30527,"date":"2025-09-19T09:47:36","date_gmt":"2025-09-19T09:47:36","guid":{"rendered":"https:\/\/perspektiv.cz\/?page_id=30527"},"modified":"2025-09-22T09:47:18","modified_gmt":"2025-09-22T09:47:18","slug":"zdravotnicka-zarizeni","status":"publish","type":"page","link":"https:\/\/perspektiv.cz\/cs\/zdravotnicka-zarizeni\/","title":{"rendered":"Zdravotnick\u00e1 za\u0159\u00edzen\u00ed: funk\u010dnost, d\u016fv\u011bra a lidskost v ka\u017ed\u00e9m detailu"},"content":{"rendered":"<h1><span class=\"NormalTextRun SCXW266544827 BCX0\" data-ccp-parastyle=\"heading 3\">Zdravotnick\u00e1 za\u0159\u00edzen\u00ed: funk\u010dnost, d\u016fv\u011bra a lidskost v ka\u017ed\u00e9m <\/span><span class=\"NormalTextRun ContextualSpellingAndGrammarErrorV2Themed SCXW266544827 BCX0\" data-ccp-parastyle=\"heading 3\">detailu<\/span><\/h1>\n","protected":false},"excerpt":{"rendered":"<p>Zdravotnick\u00e1 za\u0159\u00edzen\u00ed: funk\u010dnost, d\u016fv\u011bra a lidskost v ka\u017ed\u00e9m detailu<\/p>\n","protected":false},"author":1,"featured_media":30530,"parent":0,"menu_order":0,"comment_status":"closed","ping_status":"closed","template":"modular.blade.php","meta":{"_acf_changed":false,"inline_featured_image":false,"footnotes":""},"class_list":["post-30527","page","type-page","status-publish","has-post-thumbnail","hentry"],"acf":[],"_links":{"self":[{"href":"https:\/\/perspektiv.cz\/cs\/wp-json\/wp\/v2\/pages\/30527","targetHints":{"allow":["GET"]}}],"collection":[{"href":"https:\/\/perspektiv.cz\/cs\/wp-json\/wp\/v2\/pages"}],"about":[{"href":"https:\/\/perspektiv.cz\/cs\/wp-json\/wp\/v2\/types\/page"}],"author":[{"embeddable":true,"href":"https:\/\/perspektiv.cz\/cs\/wp-json\/wp\/v2\/users\/1"}],"replies":[{"embeddable":true,"href":"https:\/\/perspektiv.cz\/cs\/wp-json\/wp\/v2\/comments?post=30527"}],"version-history":[{"count":2,"href":"https:\/\/perspektiv.cz\/cs\/wp-json\/wp\/v2\/pages\/30527\/revisions"}],"predecessor-version":[{"id":30546,"href":"https:\/\/perspektiv.cz\/cs\/wp-json\/wp\/v2\/pages\/30527\/revisions\/30546"}],"wp:featuredmedia":[{"embeddable":true,"href":"https:\/\/perspektiv.cz\/cs\/wp-json\/wp\/v2\/media\/30530"}],"wp:attachment":[{"href":"https:\/\/perspektiv.cz\/cs\/wp-json\/wp\/v2\/media?parent=30527"}],"curies":[{"name":"wp","href":"https:\/\/api.w.org\/{rel}","templated":true}]}}

Zdravotnická zařízení: funkčnost, důvěra a lidskost v každém detailu

<h1><span class="NormalTextRun SCXW266544827 BCX0" data-ccp-parastyle="heading 3">Zdravotnická zařízení: funkčnost, důvěra a lidskost v každém </span><span class="NormalTextRun ContextualSpellingAndGrammarErrorV2Themed SCXW266544827 BCX0" data-ccp-parastyle="heading 3">detailu</span></h1>

<p>Zdravotnická zařízení: funkčnost, důvěra a lidskost v každém detailu</p>
