{"id":29761,"date":"2025-07-28T11:34:31","date_gmt":"2025-07-28T11:34:31","guid":{"rendered":"https:\/\/perspektiv.cz\/?page_id=29761"},"modified":"2025-09-19T09:12:51","modified_gmt":"2025-09-19T09:12:51","slug":"rezidencni-domy","status":"publish","type":"page","link":"https:\/\/perspektiv.cz\/cs\/rezidencni-domy\/","title":{"rendered":"Reziden\u010dn\u00ed domy: architektura ka\u017edodennosti a sousedstv\u00ed"},"content":{"rendered":"<h1><span class=\"TextRun MacChromeBold SCXW80301581 BCX0\" lang=\"CS-CZ\" xml:lang=\"CS-CZ\" data-contrast=\"none\"><span class=\"NormalTextRun SCXW80301581 BCX0\" data-ccp-parastyle=\"heading 3\">Reziden\u010dn\u00ed domy: architektura ka\u017edodennosti a sousedstv\u00ed<\/span><\/span><span class=\"EOP SCXW80301581 BCX0\" data-ccp-props=\"{&quot;134233117&quot;:false,&quot;134233118&quot;:false,&quot;134245418&quot;:true,&quot;134245529&quot;:true,&quot;335559738&quot;:281,&quot;335559739&quot;:281}\">\u00a0<\/span><\/h1>\n","protected":false},"excerpt":{"rendered":"<p>Reziden\u010dn\u00ed domy: architektura ka\u017edodennosti a sousedstv\u00ed\u00a0<\/p>\n","protected":false},"author":1,"featured_media":29775,"parent":0,"menu_order":0,"comment_status":"closed","ping_status":"closed","template":"modular.blade.php","meta":{"_acf_changed":false,"inline_featured_image":false,"footnotes":""},"class_list":["post-29761","page","type-page","status-publish","has-post-thumbnail","hentry"],"acf":[],"_links":{"self":[{"href":"https:\/\/perspektiv.cz\/cs\/wp-json\/wp\/v2\/pages\/29761","targetHints":{"allow":["GET"]}}],"collection":[{"href":"https:\/\/perspektiv.cz\/cs\/wp-json\/wp\/v2\/pages"}],"about":[{"href":"https:\/\/perspektiv.cz\/cs\/wp-json\/wp\/v2\/types\/page"}],"author":[{"embeddable":true,"href":"https:\/\/perspektiv.cz\/cs\/wp-json\/wp\/v2\/users\/1"}],"replies":[{"embeddable":true,"href":"https:\/\/perspektiv.cz\/cs\/wp-json\/wp\/v2\/comments?post=29761"}],"version-history":[{"count":9,"href":"https:\/\/perspektiv.cz\/cs\/wp-json\/wp\/v2\/pages\/29761\/revisions"}],"predecessor-version":[{"id":30490,"href":"https:\/\/perspektiv.cz\/cs\/wp-json\/wp\/v2\/pages\/29761\/revisions\/30490"}],"wp:featuredmedia":[{"embeddable":true,"href":"https:\/\/perspektiv.cz\/cs\/wp-json\/wp\/v2\/media\/29775"}],"wp:attachment":[{"href":"https:\/\/perspektiv.cz\/cs\/wp-json\/wp\/v2\/media?parent=29761"}],"curies":[{"name":"wp","href":"https:\/\/api.w.org\/{rel}","templated":true}]}}

Rezidenční domy: architektura každodennosti a sousedství

<h1><span class="TextRun MacChromeBold SCXW80301581 BCX0" lang="CS-CZ" xml:lang="CS-CZ" data-contrast="none"><span class="NormalTextRun SCXW80301581 BCX0" data-ccp-parastyle="heading 3">Rezidenční domy: architektura každodennosti a sousedství</span></span><span class="EOP SCXW80301581 BCX0" data-ccp-props="{&quot;134233117&quot;:false,&quot;134233118&quot;:false,&quot;134245418&quot;:true,&quot;134245529&quot;:true,&quot;335559738&quot;:281,&quot;335559739&quot;:281}"> </span></h1>

<p>Rezidenční domy: architektura každodennosti a sousedství </p>
